0)?
2, 13, 31
Suppose 4*f + 5*s - 47 = -150, 2*f + 2*s + 50 = 0. Let p be (f/3)/((-10)/(-15)). Let a = p + 16. What are the prime factors of a?
5
Let h(f) = -6*f**2 + 7*f - 11. Let d(j) = j**3 + 25*j**2 - 29*j + 44. Let v(y) = 2*d(y) + 9*h(y). What are the prime factors of v(4)?
73
Suppose 16*n - 21*n + 3330 = -2*f, -4*f = -5*n + 3340. What are the prime factors of n?
2, 83
Let q = -212 + 416. What are the prime factors of q?
2, 3, 17
Suppose -4*w - 10 = 2*t, -t - 5*w + 1 - 21 = 0. Let n be (3/t)/((-8)/(-40)). What are the prime factors of 1/((-4)/(-96)*n)?
2
Suppose -2*j = 2*j - 48. Suppose 4*z - 16 = -4*k - 0*z, 3*z = k + j. List the prime factors of 11 - (0/1 + k).
11
Suppose -2*k = -56 - 144. Suppose -2*v = 3*v - k. Let g = v - 7. List the prime factors of g.
13
Let c = -31 + 34. Suppose -51 = c*d - 459. What are the prime factors of d?
2, 17
Suppose -9*q + 88 + 506 = 0. Suppose 0 = -4*y + 5*y - q. What are the prime factors of y?
2, 3, 11
Suppose 3*i - 465 = -2*i. Let d = -79 + i. What are the prime factors of d?
2, 7
Let w = -14 + 20. Let q = -1 + 1. Suppose q*f = w*f - 186. List the prime factors of f.
31
Let y = -155 + 592. List the prime factors of y.
19, 23
Let w(p) = 3*p - 1 + 6*p - 5. Suppose m + 3*m - 2*n - 14 = 0, 0 = -5*m - 4*n + 50. What are the prime factors of w(m)?
2, 3
Let q(v) = 8*v**3 - 2*v**2 + v + 2. Let w be q(2). Let p = w - 43. Let a = 41 - p. List the prime factors of a.
2, 3
Suppose 2*t = -2*t + 4. Let b be (t - 8/4)*-20. Suppose d = b + 3. List the prime factors of d.
23
Let i be 0/(6 - 16/4). Suppose -5*m + 132 = -2*f - i*f, 3*f = -m + 40. What are the prime factors of m?
2, 7
Let v(i) = 35*i + 1. Let u be v(3). Let s = 170 - u. What are the prime factors of s?
2
Let d = -31 + 35. Let a = d - -59. What are the prime factors of a?
3, 7
Let u(a) = 2*a**2 - 18*a + 33. List the prime factors of u(-20).
1193
Suppose -272*t + 278*t - 1182 = 0. What are the prime factors of t?
197
Let u = 6298 + -3736. List the prime factors of u.
2, 3, 7, 61
Suppose 2*d = -d. Suppose d*k = -k + 4. Suppose -105 = -4*v - l, -k*v - v - 4*l + 123 = 0. List the prime factors of v.
3
Suppose 0 = s - 299 + 239. Suppose 4*p - 2*p - 170 = 0. Let h = p - s. List the prime factors of h.
5
Let h be 470/7*(6 + 1). Suppose 0*d - h = -5*d. List the prime factors of d.
2, 47
Suppose 0 = -3*d - z - 317, -z = 2*d - 0*z + 211. Let x = 317 + d. What are the prime factors of x?
211
Let d(o) = -26*o - 71. Let z(y) = 13*y + 36. Let f(v) = 6*d(v) + 11*z(v). What are the prime factors of f(-11)?
113
Suppose 11*o + 43 = 131. Suppose o = -4*x, -1064 = -4*h - 5*x + x. What are the prime factors of h?
2, 67
Let l = 176 - -148. What are the prime factors of l?
2, 3
Suppose -y - 1061 = 2294. What are the prime factors of (-1)/(-3) + y/(-33)?
2, 3, 17
Let b(z) = 6*z - 1. Let o be b(1). Suppose j - 28 = -o*m, -5*m - 3 + 34 = 2*j. Suppose 4*d - 39 = -j. What are the prime factors of d?
3
Let h = 67 - 15. Let w = h - -2. List the prime factors of w.
2, 3
List the prime factors of (-19459)/(-9) + (-5 + -5)/90.
2, 23, 47
Let m(y) = -2*y - 12. Let a be m(-10). Suppose -h + a = 3*h. Suppose -5*n = -h*n - 96. What are the prime factors of n?
2
Suppose -1109 = -2*i + 443. Suppose 12*k - 4*k - i = 0. What are the prime factors of k?
97
Let d(m) be the second derivative of m**6/180 - m**5/60 + 7*m**4/12 - m. Let k(b) be the third derivative of d(b). List the prime factors of k(8).
2, 3, 5
Let l = 123 - 6. Suppose -3*r + l + 72 = 0. What are the prime factors of r?
3, 7
Suppose 9*j - 4*j = 25. Suppose -4*h + 3*m = -j, -4*m + 10 = -h - 5. Suppose -h*p - 71 = -231. What are the prime factors of p?
2
Let b(c) = c**3 + 18*c**2 + 16*c - 1. Let j be b(-17). List the prime factors of (-4)/(-1) + -6 + j.
2, 7
Let q = -4 - -11. Let f be 2*(-2 - -3)*1. Suppose -f*v + 3*v - q = 0. What are the prime factors of v?
7
Suppose 29 - 9 = 4*a. Suppose 0 = 2*s + 3*s - 2*q - 318, -5*s = a*q - 325. What are the prime factors of s?
2
Suppose 5*k = -i + 649, -2*k + 258 = 34*i - 32*i. List the prime factors of k.
2, 5, 13
Let a(r) = 40*r + 412. What are the prime factors of a(42)?
2, 523
Let t = 20 - 24. Let v be 12/(-8) + (-2)/t. What are the prime factors of -1 - v*(-165)/(-3)?
2, 3
Let y(p) = p**2 + p - 2. Let a be y(-3). Suppose -2*g - a*l + 71 = 3*g, 4*g = l + 40. Let k = 28 - g. List the prime factors of k.
17
Let q = 717 - 204. List the prime factors of q.
3, 19
Let x(g) = g**3 + 9*g**2 + 5. Let o be x(-9). Suppose 60 = -d - 4*d + 5*b, -d - 28 = -o*b. List the prime factors of 145/4 + 2/d.
2, 3
Let l = -5 + 1. Let b be 0*(0 - (3 + l)). Suppose 0 = 3*w - 18 - b. List the prime factors of w.
2, 3
Suppose -3*i + 28 = 64. Let k be (8/i)/(3/(-9)). Suppose -k*m = r - 37, 6*r - 5*m = 2*r + 213. What are the prime factors of r?
47
Suppose 2*u - 2*k + 67 + 45 = 0, -5*k = -u - 44. Let y = u + 37. Let s = 41 + y. What are the prime factors of s?
19
Let l(w) = -47*w**2 - 2*w + 56*w**2 - 5 - w. List the prime factors of l(3).
67
Suppose 5*g - 297 + 52 = 0. Suppose 4*c = -5*o + 59, 3*o - 2*c = -c + g. What are the prime factors of o?
3, 5
Suppose 0 = 5*u + u - 222. Let w = 105 - u. List the prime factors of w.
2, 17
Let a = 228 + -158. Let g be (-20)/a + (-88)/(-14). Suppose 3*f + 2*w - 16 = 0, -2*f + g = 2*w - 2. What are the prime factors of f?
2
Let q be 1/(0 + 1 - 0). Suppose -5*s - 5*t = q - 11, 4*s - 4*t = 16. Suppose -3*c - r + 34 = 0, c - 56 = -s*c + 4*r. List the prime factors of c.
2, 3
Let v(q) = 2*q**2 + 4*q - 28. List the prime factors of v(13).
2, 181
Suppose -2*q = -282 - 1184. What are the prime factors of q?
733
Let b = 454 - 219. Let c = -107 + b. What are the prime factors of c?
2
Let j be 6/3*-1 - -5. Suppose 2*t - 3 = j. List the prime factors of t/(9/(-5))*-3.
5
Suppose -2*b + r = -8, 2*b - 3 = 2*r + 1. Suppose -3*w + b*y - y - 470 = 0, -2*w - 4*y = 284. What are the prime factors of (w/105)/(2/(-28))?
2, 5
Suppose -22 = -4*y + 2. Let h = -6 - y. What are the prime factors of (0 - h)/(24/128)?
2
Let p(v) = -45*v - 95. What are the prime factors of p(-16)?
5
Suppose 3*m + 2*m = 0. Suppose -2*h + h + 2 = m. Suppose 8*f - 3*f - 26 = -3*q, -2 = 3*q - h*f. What are the prime factors of q?
2
Suppose -l - 16 = -2*l - 2*b, 4*l - 90 = 5*b. Suppose g + l = 3*g. Let c(v) = 3*v - 8. List the prime factors of c(g).
2, 11
Let c(d) = -16*d**2 - 2*d + 4. Let i be c(-4). Let x = i - -368. Suppose 0 = 3*g + j - 122, 3*g - j = -3*j + x. What are the prime factors of g?
2, 5
Suppose -p = -4*b + 25, 5 = -2*b - 3*p - 0*p. Suppose 2*o + 3*n = 104, -n + b*n = 0. What are the prime factors of o?
2, 13
Let w = 154 - 80. Suppose w = -2*q + q. Let v = q + 147. What are the prime factors of v?
73
Let d = 4 + -18. Let l = -10 - d. List the prime factors of l.
2
Let c be 2/1 - (9 - 7). Suppose c = -4*h + 11 - 3. Suppose -4*u - 3*x + 127 = 0, u + 2*x - 95 = -h*u. List the prime factors of u.
31
Suppose 0 = 14*j - 13*j - 86. List the prime factors of j.
2, 43
Let b(r) = 3*r - 3. Let o be b(1). Let g = o + 45. List the prime factors of g.
3, 5
Suppose -5*s + 5 = b, 3*s - 9 = -b - 0*b. Suppose -28*c - b = -31*c. List the prime factors of c.
5
Let v(b) = -7*b**2 - 4*b - 3. Let x be v(-1). List the prime factors of (-2)/(-4) - 231/x.
3, 13
Let l(x) = -x**3 - 7*x**2 - 2*x - 10. Let p be l(-7). Let b be 8/(2 + -6 - -6). Suppose -45 = -p*c - 2*h + h, 0 = 3*c - b*h - 48. List the prime factors of c.
2, 3
Suppose 3*t - 4172 = -4*i, -8*t - 3129 = -3*i - 3*t. List the prime factors of i.
7, 149
Suppose 2 = 2*q - q. Suppose 0 = q*y + 4 + 2. List the prime factors of y/((-100)/44 + 2).
11
Suppose 604*y = 601*y + 11454. List the prime factors of y.
2, 23, 83
Let i(q) = 6*q**2 + 2*q - 8. Let k(p) = -p**3 + 5*p**2 - 2*p - 3. Let v be k(4). List the prime factors of i(v).
2, 19
Let o = 30 + 5. List the prime factors of 3*o/45*3.
7
Suppose s - 4*v = -0*s + 16, 0 = -3*s - 5*v + 133. Let k = 144 - s. List the prime factors of k.
2, 3
Let j = 31 - -586. List the prime factors of j.
617
Let z = -123 + -70. Let q = -55 - z. What are the prime factors of q?
2, 3, 23
Suppose 0 = 3*s - 12 + 3. Suppose 5*i - 6 = s*i, -v + 2*i = 3. Suppose 55 = -v*y + 8*y. What are the prime factors of y?
11
Suppose -f + 3*f - 56 = 0. Let p = f + -20. Suppose